{"id":699,"date":"2025-08-19T08:02:11","date_gmt":"2025-08-19T06:02:11","guid":{"rendered":"https:\/\/www.jugendherbergen-bayern.de\/lehrerfortbildung\/?page_id=699"},"modified":"2025-11-26T11:35:16","modified_gmt":"2025-11-26T10:35:16","slug":"djh-kinderfreizeiten-einverstandniserklarung","status":"publish","type":"page","link":"https:\/\/www.jugendherbergen-bayern.de\/lehrerfortbildung\/djh-kinderfreizeiten-einverstandniserklarung\/","title":{"rendered":"DJH-Kinderfreizeiten: Fragebogen"},"content":{"rendered":"\n<p><\/p>\n\n\n\n<p>Liebe Eltern!<br>Wir bitten euch den untenstehenden Fragebogen auszuf\u00fcllen, den wir an das Betreuungsteam eurer Kinderfreizeit weiterleiten.<br>Die Betreuer*innen erhalten dadurch viele Informationen, die w\u00e4hrend der Freizeit sehr wichtig werden k\u00f6nnen.<\/p>\n\n\n\n<p>Zus\u00e4tzlich bekommt ihr bei Anreise in der Jugendherberge noch einmal einen Einverst\u00e4ndnisbogen, auf dem ihr dann die &#8211; im Fragebogen aufgef\u00fchrten &#8211; unterschriftspflichtigen Fragen unterschreibt. Alternativ k\u00f6nnt ihr euch diesen auch vorab herunterladen und uns direkt unterschrieben in die Jugendherberge mitbringen.<\/p>\n\n\n\n<p> Sollten Unklarheiten bestehen, ruft uns gerne an oder schreibt uns an team.bayern@jugendherberge.de. <\/p>\n\n\n\n<p>Wir versichern euch, dass eure Informationen nicht an Dritte weitergegeben werden.<\/p>\n\n\n\n<hr class=\"wp-block-separator has-alpha-channel-opacity\"\/>\n\n\n\n<p><\/p>\n\n\n\n<script>\n  if (typeof hasAmeliaEvent === 'undefined') {\n    var hasAmeliaEvent = true;\n  }\n  if (typeof hasEventApiCall === 'undefined' && ('' === '' && '' !== '1')) {\n    var hasEventApiCall = true;\n  }\n  var hasEventShortcode = (typeof hasEventShortcode === 'undefined') ? false : true;\n  var ameliaShortcodeData = (typeof ameliaShortcodeData === 'undefined') ? [] : ameliaShortcodeData;\n  ameliaShortcodeData.push(\n    {\n      'hasApiCall': (typeof hasEventApiCall !== 'undefined') && hasEventApiCall,\n      'trigger': '',\n      'trigger_type': '',\n      'triggered_form': 'elf',\n      'in_dialog': '',\n      'counter': '1000',\n      'employee': '',\n      'eventId': '',\n      'eventRecurring': 0,\n      'eventTag': \"Kinderfreizeit\",\n      'locationId': \"\"\n    }\n  );\n  var ameliaShortcodeDataTriggered = (typeof ameliaShortcodeDataTriggered === 'undefined') ? [] : ameliaShortcodeDataTriggered;\n  if (ameliaShortcodeData[ameliaShortcodeData.length - 1].trigger !== '') {\n    if (ameliaShortcodeDataTriggered.filter(a => a.counter === ameliaShortcodeData[ameliaShortcodeData.length - 1].counter).length === 0) {\n      ameliaShortcodeDataTriggered.push(ameliaShortcodeData.pop());\n    } else {\n      ameliaShortcodeData.pop()\n    }\n  }\n  if (typeof hasEventApiCall !== 'undefined' && hasEventApiCall) {\n    hasEventApiCall = false;\n  }\n<\/script>\n\n<div\n  id=\"amelia-v2-booking-1000\"\n  class=\"amelia-v2-booking\"\n>\n    <events-list-form-wrapper><\/div>\n\n\n\n\n<p><\/p>\n","protected":false},"excerpt":{"rendered":"<p>Liebe Eltern!Wir bitten euch den untenstehenden Fragebogen auszuf\u00fcllen, den wir an das Betreuungsteam eurer Kinderfreizeit weiterleiten.Die Betreuer*innen erhalten dadurch viele Informationen, die w\u00e4hrend der Freizeit sehr wichtig werden k\u00f6nnen. Zus\u00e4tzlich bekommt ihr bei Anreise in der Jugendherberge noch einmal einen Einverst\u00e4ndnisbogen, auf dem ihr dann die &#8211; im Fragebogen aufgef\u00fchrten &#8211; unterschriftspflichtigen Fragen unterschreibt. Alternativ [&hellip;]<\/p>\n","protected":false},"author":6,"featured_media":0,"parent":0,"menu_order":0,"comment_status":"closed","ping_status":"closed","template":"","meta":{"footnotes":""},"class_list":["post-699","page","type-page","status-publish","hentry"],"_links":{"self":[{"href":"https:\/\/www.jugendherbergen-bayern.de\/lehrerfortbildung\/wp-json\/wp\/v2\/pages\/699","targetHints":{"allow":["GET"]}}],"collection":[{"href":"https:\/\/www.jugendherbergen-bayern.de\/lehrerfortbildung\/wp-json\/wp\/v2\/pages"}],"about":[{"href":"https:\/\/www.jugendherbergen-bayern.de\/lehrerfortbildung\/wp-json\/wp\/v2\/types\/page"}],"author":[{"embeddable":true,"href":"https:\/\/www.jugendherbergen-bayern.de\/lehrerfortbildung\/wp-json\/wp\/v2\/users\/6"}],"replies":[{"embeddable":true,"href":"https:\/\/www.jugendherbergen-bayern.de\/lehrerfortbildung\/wp-json\/wp\/v2\/comments?post=699"}],"version-history":[{"count":11,"href":"https:\/\/www.jugendherbergen-bayern.de\/lehrerfortbildung\/wp-json\/wp\/v2\/pages\/699\/revisions"}],"predecessor-version":[{"id":813,"href":"https:\/\/www.jugendherbergen-bayern.de\/lehrerfortbildung\/wp-json\/wp\/v2\/pages\/699\/revisions\/813"}],"wp:attachment":[{"href":"https:\/\/www.jugendherbergen-bayern.de\/lehrerfortbildung\/wp-json\/wp\/v2\/media?parent=699"}],"curies":[{"name":"wp","href":"https:\/\/api.w.org\/{rel}","templated":true}]}}